s the tens digit of 91915287?
8
What is the hundreds digit of 62383486?
4
What is the ten millions digit of 323707647?
2
What is the hundred millions digit of 1583779256?
5
What is the tens digit of 163403577?
7
What is the tens digit of 878076606?
0
What is the units digit of 136262258?
8
What is the hundreds digit of 560894920?
9
What is the thousands digit of 61946770?
6
What is the ten thousands digit of 43753192?
5
What is the ten millions digit of 390486317?
9
What is the units digit of 779721983?
3
What is the tens digit of 108987981?
8
What is the ten millions digit of 1220158830?
2
What is the hundreds digit of 4653817240?
2
What is the hundred thousands digit of 774632678?
6
What is the ten millions digit of 65075135?
6
What is the units digit of 876378164?
4
What is the thousands digit of 666549912?
9
What is the hundred thousands digit of 55992551?
9
What is the ten millions digit of 1288965936?
8
What is the units digit of 78846572?
2
What is the hundred thousands digit of 24431496?
4
What is the ten millions digit of 1375589653?
7
What is the hundred thousands digit of 156428645?
4
What is the hundred thousands digit of 36583750?
5
What is the hundred millions digit of 528437664?
5
What is the ten thousands digit of 33597448?
9
What is the hundred thousands digit of 123861780?
8
What is the tens digit of 880567470?
7
What is the ten millions digit of 45475854?
4
What is the ten thousands digit of 982297092?
9
What is the units digit of 692955232?
2
What is the units digit of 8514719830?
0
What is the thousands digit of 39158623?
8
What is the tens digit of 53604746?
4
What is the hundred millions digit of 532728647?
5
What is the hundred thousands digit of 67940493?
9
What is the tens digit of 49483304?
0
What is the billions digit of 1720605651?
1
What is the thousands digit of 970712285?
2
What is the tens digit of 978525380?
8
What is the millions digit of 729732020?
9
What is the thousands digit of 1692569345?
9
What is the hundred thousands digit of 34150169?
1
What is the hundred thousands digit of 185243457?
2
What is the ten thousands digit of 33057770?
5
What is the hundred thousands digit of 943762560?
7
What is the hundred thousands digit of 43489533?
4
What is the ten millions digit of 101143198?
0
What is the hundred millions digit of 342331909?
3
What is the units digit of 593656743?
3
What is the hundred thousands digit of 304843760?
8
What is the units digit of 58643390?
0
What is the units digit of 14666342?
2
What is the thousands digit of 57099274?
9
What is the billions digit of 9012788797?
9
What is the thousands digit of 7533275823?
5
What is the hundreds digit of 2262764213?
2
What is the millions digit of 1143761956?
3
What is the millions digit of 2262890389?
2
What is the hundred millions digit of 4429853717?
4
What is the tens digit of 928059557?
5
What is the tens digit of 728634913?
1
What is the hundred millions digit of 198006499?
1
What is the ten thousands digit of 2578549487?
4
What is the ten millions digit of 129043876?
2
What is the tens digit of 11421807?
0
What is the hundred millions digit of 616787579?
6
What is the ten thousands digit of 13371220?
7
What is the ten millions digit of 88562529?
8
What is the ten thousands digit of 1036179708?
7
What is the billions digit of 1230397395?
1
What is the ten thousands digit of 105687361?
8
What is the hundreds digit of 30140874?
8
What is the thousands digit of 40248834?
8
What is the tens digit of 19767598?
9
What is the ten thousands digit of 145791603?
9
What is the millions digit of 2882773651?
2
What is the ten millions digit of 3647520538?
4
What is the millions digit of 408135434?
8
What is the hundred thousands digit of 851679646?
6
What is the hundreds digit of 1229546731?
7
What is the units digit of 1770140604?
4
What is the millions digit of 123161624?
3
What is the hundred thousands digit of 15020809?
0
What is the ten millions digit of 279962875?
7
What is the tens digit of 23495776?
7
What is the hundreds digit of 250554134?
1
What is the units digit of 7044348279?
9
What is the ten thousands digit of 78170672?
7
What is the hundred thousands digit of 977033782?
0
What is the hundred thousands digit of 4265581?
2
What is the ten millions digit of 20795846?
2
What is the ten millions digit of 366976400?
6
What is the thousands digit of 64619119?
9
What is the ten thousands digit of 1989955130?
5
What is the ten thousands digit of 3570738?
7
What is the thousands digit of 15116033?
6
What is the hundred thousands digit of 379506874?
5
What is the hundreds digit of 2382740649?
6
What is the billions digit of 2432368573?
2
What is the hundred thousands digit of 66964323?
9
What is the millions digit of 2021880?
2
What is the millions digit of 6064234?
6
What is the ten millions digit of 2442475738?
4
What is the ten millions digit of 137801589?
3
What is the hundred thousands digit of 6696145210?
1
What is the thousands digit of 150854264?
4
What is the ten millions digit of 4875193701?
7
What is the hundreds digit of 120432184?
1
What is the tens digit of 31976631?
3
What is the ten thousands digit of 34900140?
0
What is the hundred thousands digit of 17699010?
6
What is the hundreds digit of 1293975803?
8
What is the hundred millions digit of 2435162507?
4
What is the units digit of 7613227652?
2
What is the millions digit of 2018930429?
8
What is the tens digit of 80420468?
6
What is the hundreds digit of 74406661?
6
What is the tens digit of 10701643?
4
What is the ten thousands digit of 1104878512?
7
What is the units digit of 3203466136?
6
What is the units digit of 941465?
5
What is the hundreds digit of 1700832675?
6
What is the thousands digit of 250216040?
6
What is the ten thousands digit of 39627188?
2
What is the hundred millions digit of 260581653?
2
What is the ten thousands digit of 4241270929?
7
What is the hundred millions digit of 409003171?
4
What is the thousands digit of 1365969555?
9
What is the thousands digit of 2042355138?
5
What is the ten millions digit of 29766553?
2
What is the hundreds digit of 69605309?
3
What is the hundred millions digit of 2426999596?
4
What is the millions digit of 59588811?
9
What is the ten millions digit of 22736560?
2
What is the thousands digit of 620442972?
2
What is the units digit of 3601263?
3
What is the ten millions digit of 1583792847?
8
What is the thousands digit of 338752512?
2
What is the ten thousands digit of 4194245409?
4
What is the hundred millions digit of 305926842?
3
What is the billions digit of 2211468408?
2
What is the ten thousands digit of 1038456973?
5
What is the hundred millions digit of 3034454802?
0
What is the ten millions digit of 886912190?
8
What is the millions digit of 136579176?
6
What is the hundred thousands digit of 2021924657?
9
What is the millions digit of 535154624?
5
What is the tens digit of 567852537?
3
What is the ten thousands digit of 129528439?
2
What is the ten millions digit of 63195019?
6
What is the hundreds digit of 273561439?
4
What is the tens digit of 127122695?
9
What is the tens digit of 4269839?
3
What is the ten millions digit of 3674660853?
7
What is the ten millions digit of 1711097383?
1
What is the tens digit of 44774518?
1
What is the units digit of 997496302?
2
What is the ten thousands digit of 1594365148?
6
What is the hundreds digit of 91534463?
4
What is the thousands digit of 3880570356?
0
What is the millions digit of 1269183699?
9
What is the ten millions digit of 12213007?
1
What is the hundred thousands digit of 182879958?
8
What is the billions digit of 2054684755?
2
What is the millions digit of 62548350?
2
What is the millions digit of 291122242?
1
What is the ten millions digit of 211668168?
1
What is the hundred thousands digit of 2832909837?
9
What is the hundred millions digit of 244322667?
2
What is the units digit of 921333748?
8
What is the tens digit of 213600138?
3
What is the hundred thousands digit of 9014035?
0
What is the thousands digit of 3519009060?
9
What is the units digit of 351694967?
7
What is the thousands digit of 2113312883?
2
What is the hundreds digit of 113837487?
4
What is the ten millions digit of 28532820?
2
What is the millions digit of 33042710?
3
What is the hun